+ -1018).
-43
Evaluate (-42 - (83 + -87)) + 7.
-31
What is the value of 4 + 2 - (10 + 25 + -3 - 18)?
-8
Evaluate 38 + -54 + 122 + -61.
45
Calculate -8 + -86 + 42 - -14.
-38
What is 10 + (119 - 118) + -7 + -2 + -26 + 10?
-14
Calculate 27 - (-5 + -2 + -6 + 4 + 5).
31
Calculate -11 + 9 + 21 + 3 + (90 - 68).
44
What is the value of -139 - (-54 + -11) - -52?
-22
5 + (2 - 2) + (62 - (-31 + 98)) - 47
-47
What is the value of 27 + 12 - 39 - (22 + 13)?
-35
What is 2101 + -2094 + (1 - -36)?
44
(53 - (-7 + 10 + -8)) + -1 + 6 + 2
65
-426 + 442 - (1 + -3)
18
What is the value of -17 - -9 - ((-10 - (-8 - (-5 + 6))) + -49)?
42
Evaluate (2 - (20 + 3)) + (-5 - -9 - (12 - 1)).
-28
What is -5 - ((0 + (-23 - -11) - -7) + -13)?
13
Evaluate 385 + -302 + -8 - (-1 + (1 - (15 + -2))).
88
What is -106 + -20 + (-13 - -101)?
-38
3 - (3 + 21) - (449 - 500)
30
Evaluate 128 + -83 + 38 - 196.
-113
13 - (-26 - -24) - 19 - 58
-62
Calculate 10 + -10 + 30 + -5.
25
Calculate -32 + 32 + 28 + -42 - 45.
-59
-27 + (3 - 2) + (-2023 - -2016)
-33
Evaluate -9 + -19 - (12 + -55).
15
Evaluate (19 - -2) + (42 - (-2 + 29)).
36
What is 26 - 111 - (3 + -17 - 9 - -4)?
-66
(-16 - -3) + (-35 + 34 + -10 - 41)
-65
What is the value of 15 + 3 + 40 + (48 - 78)?
28
Evaluate 0 + 1 + 1 - ((-39 - 4) + 37) - 28.
-20
What is the value of 239 + -206 + (-5 - 41)?
-13
What is (1 - -5) + ((19 - 36) + 1 - -86) + 5?
81
Calculate (-3576 - -3546) + (-19 + -1 - (0 - -3)).
-53
(0 - -16) + -1 - (328 + -121 - 185)
-7
What is -52 - -8 - (39 - 49) - (-14 + 0 - -2)?
-22
-52 + (-3 - (-64 - 21))
30
Calculate -2 + 0 + -26 - (-103 + 89).
-14
Evaluate -7 + 0 + (70 + -1 - (141 - 139)).
60
2 + (-74 - (-109 - -112))
-75
What is the value of -71 - 13 - (-1 + -45)?
-38
What is (-8 - -12 - (-3 + 29)) + 12 + -25?
-35
What is -87 + -6 + (-9 - (28 + -34))?
-96
Calculate (-3 - -1 - 89) + 12181 + -12151.
-61
(-6 - 65) + -542 + 674
61
Calculate 52 + -35 + (-18 - 10).
-11
Calculate (15 - 4) + -13 + (-2 - -14) - 10.
0
11 + -27 + 54 + (-13 - 15)
10
-11 - -68 - (38 - (11 - -11))
41
What is 88 - (2 + 1 + 2 + 89 + -73)?
67
What is the value of -30 - (-43 + (-41 - -39))?
15
What is the value of -5 + -34 + (11 - (21 - 4))?
-45
What is 16 + 4 - (3 - ((-2 - 13) + 30))?
32
70 + -24 + -74 - (0 + 24)
-52
Calculate (4 - (6 - 11)) + -5 - (8 + (-37 - -17)).
16
What is the value of 0 - 241 - (12162 + -12303)?
-100
Evaluate -580 + 579 + 0 + (-3 - 75) - -12.
-67
15 + 11 + 0 + (-54 + (22 - 19) - -14)
-11
Evaluate (120 - 7) + -6 - (23 + -29 + (-13 - -4)).
122
What is the value of -1 - -2 - -2 - ((328 - 476) + 106)?
45
Evaluate (-19 + 17 + -42 - -24) + -2.
-22
-10 - (-26 - (-19 - -32)) - -16
45
Calculate (68 + -5 - -9 - 10) + -10 + 0 + -3.
49
-109 + 40 + 15 + -15
-69
Calculate -68 + 11 + (-11 - (-1 - (-13 - -28))).
-52
What is -14 - (12 + 12 + -5 + (11 - -6))?
-50
-51 - (-5 - (-9 + -14 + 7)) - 18
-80
What is -82 + -1 - (9 + (-15 - -3) - (-261 - -259))?
-82
What is the value of 0 + 15 - (71 + -81 - (-2 + -5)) - -6?
24
Calculate (4 + (-2 - 16) - -23) + (1 - 0).
10
Evaluate 16 - ((-3 - (-12 - -20)) + 21).
6
What is the value of 28 + 17 + -32 - -11 - 91?
-67
What is -16 + 15 + (-8 - -8) - (1 + 1 + -22)?
19
Evaluate 0 + (-4 - -11) + -4 - (1 + (7 - -46)).
-51
0 - 73 - -62 - (-19 - 0)
8
What is the value of -8 - (-22 - (-2 + (6 - 10)))?
8
What is 17 + -4 + 22 - (-4 - -22)?
17
Calculate 90 - (109 - 33) - 25.
-11
Calculate 160 - (37 + 119) - (-2 + 42).
-36
Evaluate 99 - (131 - 120) - 22.
66
What is -101 + 1 - (6805 + -6890)?
-15
Evaluate (-39 - -1) + (253 - (-52 + 336)).
-69
34 + 7 + -37 + 30
34
What is (50 - (5 - -18)) + 8 + 21?
56
Evaluate (-9 - (-7 + 10)) + (99 - 98).
-11
Evaluate (285 - 277) + (-4 - -3 - -24).
31
Calculate -1 - ((-184 - -191) + (-3 - 0) + -2).
-3
Calculate (41 - -1) + (31 - 46 - (-8 - (3 + 4))).
42
What is -51 + -76 + 146 - (-13 - -3)?
29
What is the value of (2 - -1) + 68 - (21 + -28 + -21 + 24)?
75
What is (1 - (-79 - (-1 - 2) - -2)) + 3958 + -3967?
66
Evaluate -17 + 1 - (683 - 695) - (1 + 0 + -2).
-3
Evaluate (14 - -10 - 39) + 18 + 1 + -2.
2
Evaluate ((1 - 2) + 11 - (-4182 + 4079)) + 6.
119
What is 0 + (-13 - -11) - (28 + -66)?
36
Evaluate -92 + -4 + -3064 + 3206.
46
29 - (-15 + -6) - 28 - -7
29
(-28 - -23 - 49) + (-10 - -13)
-51
What is the value of (-167 - (35 - 63) - 3) + 24?
-118
5 + -1 + (0 - (-22 - (-14 - 5 - -11)))
18
20 + (12 + -7 - (-20 - -45))
0
Calculate 1986 + -1969 + -32 + -1 - 30.
-46
Evaluate -61 + 17 + 82 + -60.
-22
Evaluate (-16 + -2 - (-431 + 408)) + -39 + (2 - 2).
-34
Evaluate 83 + -16 + -40 + 5.
32
Evaluate -7 + -4 + 45 + 6 + -2.
38
What is the value of 6 - -50 - 81 - 24?
-49
-75 + 76 + -44 + 46
3
What is the value of (-27 + 25 - 72) + (-12 - (3 - 8))?
-81
What is 11 - (-3 + -41 + 56)?
-1
Evaluate 8 - ((89 - 1) + -78 + 60 - (5 + -1)).
-58
What is the value of (5 + -2 - 6) + 7 - (-105 + 95) - 91?
-77
What is 0 + -1 - -48 - (-5 - 2 - 6)?
60
(27 - (126 + -48)) + -20
-71
What is -32 + (-62 - -77 - (8 + (-2 - (-1 - -1))))?
-23
(0 - 2) + 0 + -8 + -314 + 305
-19
Evaluate (-3 - -7) + (-3 - 7) + -38 + (17 - 15).
-42
Calculate 15 + 0 + (110 - (-24 + 106)).
43
4 - 2 - 6 - (-409 - -427 - (74 + -1))
51
Calculate -13 + (-4 - -46 - -18) - -8 - 15.
40
10 + 69 + (-86 - -37)
30
Evaluate (-12 - 1 - (-472 + 476)) + 43.
26
What is the value of 28 + (-9 - (21 + -10)) - 37?
-29
Evaluate -182 + 162 - (183 + -73).
-130
What is -118 + 286 - 260 - (1 - -22)?
-115
What is 3 - -4 - -123 - (21 - -14)?
95
Calculate 0 - (2 - 21) - (-66 + 72) - 35.
-22
Calculate -2 - -2 - 3 - (8 + (-8 - 9) + 6).
0
Evaluate 22 + 2 - (251 + -262).
35
Calculate (147 - 161 - (-24 - (2 - 4))) + -2 + 57.
63
(1 - -4 - 5) + -2 - (-237 + 215)
20
Calculate 142 - ((-78 - -43) + 118).
59
165 + 5 + -113 + (-7 - 0)
50
What is -12 + -1 + (-704 - -708) - -58?
49
Calculate 0 + -8 + 11 + (-14 - 4) + 6.
-9
What is the value of 13 + (-1 - 19 - 6) - 26?
-39
What is 10 + -2 - (22 + 113 + -18 + -20)?
-89
What is the value of 17 + (15 - -1 - (-115 + 118)) - 7?
23
57 + -8 + (-8 - (5 + 1)) + 10 + 6
51
Evaluate -7 + (-6 + 5 - -5) + -13.
-16
(2 - -5 - (21 - -1)) + (5 - -37)
27
What is -4 + -84 + 3 - (10 + 78 + -101)?
-72
What is -54 + -42 + 44 + (-30 - -13 - (0 - 4))?
-65
Calculate 12 + (-8 - -8) + (34 - 70).
-24
What is the value of (2 - -41 - (-1507 - -1540)) + (1 - 6)?
5
Calculate 16 + (1 + (1 - -1 - (-5 - 2)) - 16).
10
Evaluate -20 - ((44 - 31) + 3 + 7 - 9).
-34
-7 - 11 - (0 - (16 - 9 - 16))
-27
What is the value of 63 + (-7 + 5 + 19 + (-17 - 2) - 8)?
53
(-3 - -40 - -25) + -37
25
Evaluate (14 - -27) + (-91 - -54).
4
Evaluate -23 + 31 - (-32 + 61).
-21
1 + -7 + (-24 - (-20 + 7 + 7) - -11)
-13
Evaluate 18 + (-18 - -5) + 10 + 27.
42
What is 28 + 5 + -22 + (3 - 0 - 11) - 64?
-61
4 + 30 - ((13 - -35) + -25)
11
What is 2 + -1 - 7 - (-60 + 156 + -94)?
-8
Evaluate 109 - ((4 - (-3 - 4)) + -4 - (13 + 9)).
124
(-3 - 2) + -1 + 1 + 9 + (98 - -3)
105
What is -2 - (-28 + (-33 - -32)) - 120?
-93
What is -6 - (-6 + (4 - -9) - (-1 + 7)) - -74?
67
What is the value of -24 + (-4 + -22 - -24) + -16?
-42
What is the value of -169 + -10 - -167 - (-18 - (0 - 0))?
6
Calculate 1 - 54 - (-17 + -56 + 84).
-64
(-83 - -107) + -84 + -38
-98
What is (11 - (0 + 1)) + (-25 + 74 - 58) + -29?
-28
Evaluate 11 + (-36 - (-2 - -5 - 120)) + (9 - 1).
100
Calculate 18 + (4 - 2) + (1 - (-90 + 97)).
14
-15 + -20 - (1 - 66 - 18)
48
Calculate (23 - 1) + (128 - 192 - -3).
-39
Evaluate -45 + (-7 - (-7 + (-3 - -5))) + 10 + -17.
-54
What is (-1 - 1) + (1 - 5) + (125 - (19 + 146))?
-46
Calculate 72 - (3 - ((-3 + -4 - 17) + -18 + 32)).
59
What is 53 - ((-182 - -184) + (2 - 2) + 4 + 2)?
45
What is (19 - (34 - -8)) + (-2 - (0 - -3))?
-28
What is the value of 9 + (-9 - -16) + -23 + 40?
33
Calculate 84 - (48 - -38) - (-1 - 23).
22
2 + (-15 - 0) + (-40 + -23 - -10)
-66
131 - ((-82 - -144) + 7)
62
Evaluate 1 - -17 - (-6 + 4) - (-2 + -9 + 4).
27
What is -93 + (3 - -48) + 15 + 6 + -4?
-25
-23 - (-9 - 7 - (6 + 27))
26
8 + -11 + ((5 - 9) + -2 - -4) + 16
11
What is the value of (-24 + -1 - (149 - 148)) + 112 - -1?
87
What is 34 + -1 - (-41 + 95 - -53)?
-74
Calculate 7 + 71 - (-6 + -36 + 40).
80
What is the value of 38 + -31 + 0 + -20 + 59 + 1?
47
Evaluate 4209 - 4103 - (96 - -2).
8
What is the value of (80 - 74) + (-3 - -1) + 1 + (133 - 77)?
61
-2470 - -2